{"id":42,"date":"2016-01-21T11:19:54","date_gmt":"2016-01-21T10:19:54","guid":{"rendered":"https:\/\/www.coupet-rochepatrimoine.fr\/?page_id=42"},"modified":"2019-02-26T18:55:01","modified_gmt":"2019-02-26T17:55:01","slug":"contact","status":"publish","type":"page","link":"https:\/\/www.coupet-rochepatrimoine.fr\/index.php\/contact\/","title":{"rendered":"Contact"},"content":{"rendered":"<div class=\"row-fluid\"><div class=\"span3 \"><div id=\"attachment_135\" style=\"width: 293px\" class=\"wp-caption alignnone\"><img loading=\"lazy\" decoding=\"async\" aria-describedby=\"caption-attachment-135\" class=\"size-full wp-image-135\" src=\"https:\/\/www.coupet-rochepatrimoine.fr\/wp-content\/uploads\/2016\/01\/im-locaux-CRP.jpg\" alt=\"Local CR Patrimoine\" width=\"283\" height=\"283\" srcset=\"https:\/\/www.coupet-rochepatrimoine.fr\/wp-content\/uploads\/2016\/01\/im-locaux-CRP.jpg 283w, https:\/\/www.coupet-rochepatrimoine.fr\/wp-content\/uploads\/2016\/01\/im-locaux-CRP-150x150.jpg 150w\" sizes=\"auto, (max-width: 283px) 100vw, 283px\" \/><p id=\"caption-attachment-135\" class=\"wp-caption-text\">CR Patrimoine, 42 rue des Grands Ch\u00eanes - ZAC des Granges - 42600 Montbrison<\/p><\/div>\n<p>Le cabinet Coupet-Roche Patrimoine est situ\u00e9 \u00e0 Montbrison, une ville tout pr\u00e8s de St Etienne, dans la Loire. Anne Sylvie Coupet Roche, conseill\u00e8re ind\u00e9pendante certifi\u00e9e en gestion de patrimoine.<\/p><\/div><div class=\"span9 \">\n<div class=\"wpcf7 no-js\" id=\"wpcf7-f273-o1\" lang=\"fr-FR\" dir=\"ltr\" data-wpcf7-id=\"273\">\n<div class=\"screen-reader-response\"><p role=\"status\" aria-live=\"polite\" aria-atomic=\"true\"><\/p> <ul><\/ul><\/div>\n<form action=\"\/index.php\/wp-json\/wp\/v2\/pages\/42#wpcf7-f273-o1\" method=\"post\" class=\"wpcf7-form init\" aria-label=\"Formulaire de contact\" novalidate=\"novalidate\" data-status=\"init\">\n<fieldset class=\"hidden-fields-container\"><input type=\"hidden\" name=\"_wpcf7\" value=\"273\" \/><input type=\"hidden\" name=\"_wpcf7_version\" value=\"6.1\" \/><input type=\"hidden\" name=\"_wpcf7_locale\" value=\"fr_FR\" \/><input type=\"hidden\" name=\"_wpcf7_unit_tag\" value=\"wpcf7-f273-o1\" \/><input type=\"hidden\" name=\"_wpcf7_container_post\" value=\"0\" \/><input type=\"hidden\" name=\"_wpcf7_posted_data_hash\" value=\"\" \/>\n<\/fieldset>\n<div class=\"row-fluid\">\n\t<p class=\"span4 field\"><label><span class=\"wpcf7-form-control-wrap\" data-name=\"your-fname\"><input size=\"40\" maxlength=\"400\" class=\"wpcf7-form-control wpcf7-text wpcf7-validates-as-required\" aria-required=\"true\" aria-invalid=\"false\" placeholder=\"Pr\u00e9nom *:\" value=\"\" type=\"text\" name=\"your-fname\" \/><\/span><\/label>\n\t<\/p>\n\t<p class=\"span4 field\"><label><span class=\"wpcf7-form-control-wrap\" data-name=\"your-name\"><input size=\"40\" maxlength=\"400\" class=\"wpcf7-form-control wpcf7-text wpcf7-validates-as-required\" aria-required=\"true\" aria-invalid=\"false\" placeholder=\"Nom *:\" value=\"\" type=\"text\" name=\"your-name\" \/><\/span><\/label>\n\t<\/p>\n\t<p class=\"span4 field\"><label><span class=\"wpcf7-form-control-wrap\" data-name=\"your-company\"><input size=\"40\" maxlength=\"400\" class=\"wpcf7-form-control wpcf7-text\" aria-invalid=\"false\" placeholder=\"Soci\u00e9t\u00e9 :\" value=\"\" type=\"text\" name=\"your-company\" \/><\/span><\/label>\n\t<\/p>\n\t<div class=\"row-fluid\">\n\t\t<p class=\"span6 field\"><label><span class=\"wpcf7-form-control-wrap\" data-name=\"your-email\"><input size=\"40\" maxlength=\"400\" class=\"wpcf7-form-control wpcf7-email wpcf7-validates-as-required wpcf7-text wpcf7-validates-as-email\" aria-required=\"true\" aria-invalid=\"false\" placeholder=\"Email *:\" value=\"\" type=\"email\" name=\"your-email\" \/><\/span><\/label>\n\t\t<\/p>\n\t\t<p class=\"span6 field\"><label><span class=\"wpcf7-form-control-wrap\" data-name=\"your-phone\"><input size=\"40\" maxlength=\"400\" class=\"wpcf7-form-control wpcf7-tel wpcf7-text wpcf7-validates-as-tel\" aria-invalid=\"false\" placeholder=\"T\u00e9l *:\" value=\"\" type=\"tel\" name=\"your-phone\" \/><\/span><\/label>\n\t\t<\/p>\n\t\t<p><span id=\"wpcf7-69f352f56e540-wrapper\" class=\"wpcf7-form-control-wrap honeypot-425-wrap\" style=\"display:none !important; visibility:hidden !important;\"><label for=\"wpcf7-69f352f56e540-field\" class=\"hp-message\">Veuillez laisser ce champ vide.<\/label><input id=\"wpcf7-69f352f56e540-field\"  class=\"wpcf7-form-control wpcf7-text\" type=\"text\" name=\"honeypot-425\" value=\"\" size=\"40\" tabindex=\"-1\" autocomplete=\"new-password\" \/><\/span>\n\t\t<\/p>\n\t<\/div>\n\t<p class=\"field\"><label><span class=\"wpcf7-form-control-wrap\" data-name=\"your-message\"><textarea cols=\"40\" rows=\"10\" maxlength=\"2000\" class=\"wpcf7-form-control wpcf7-textarea\" aria-invalid=\"false\" placeholder=\"Message :\" name=\"your-message\"><\/textarea><\/span><\/label>\n\t<\/p>\n\t<p><div id=\"cf7sr-69f352f56e6e7\" class=\"cf7sr-g-recaptcha\" data-theme=\"light\" data-type=\"image\" data-size=\"normal\" data-sitekey=\"6LeBKKAUAAAAAJ90pYVZrtA6oCpDtWqoqh7Aa62C\"><\/div><span class=\"wpcf7-form-control-wrap cf7sr-recaptcha\" data-name=\"cf7sr-recaptcha\"><input type=\"hidden\" name=\"cf7sr-recaptcha\" value=\"\" class=\"wpcf7-form-control\"><\/span>\n\t<\/p>\n\t<p class=\"submit-wrap\"><input class=\"wpcf7-form-control wpcf7-submit btn btn-primary\" type=\"submit\" value=\"Envoyer\" \/>\n\t<\/p>\n<\/div><div class=\"wpcf7-response-output\" aria-hidden=\"true\"><\/div>\n<\/form>\n<\/div>\n<\/div>\n<p>&nbsp;<br \/>\nLe cabinet Coupet-Roche Patrimoine s\u2019engage \u00e0 ne pas exploiter vos donn\u00e9es personnelles ci-dessus \u00e0 d\u2019autres fins que de r\u00e9pondre \u00e0 votre demande.<\/p>\n<\/div>\n","protected":false},"excerpt":{"rendered":"&nbsp; Le cabinet Coupet-Roche Patrimoine s\u2019engage \u00e0 ne pas exploiter vos donn\u00e9es personnelles ci-dessus \u00e0 d\u2019autres fins que de r\u00e9pondre \u00e0 votre demande.","protected":false},"author":1,"featured_media":0,"parent":0,"menu_order":0,"comment_status":"closed","ping_status":"closed","template":"page-fullwidth.php","meta":{"footnotes":""},"class_list":["post-42","page","type-page","status-publish","hentry"],"aioseo_notices":[],"_links":{"self":[{"href":"https:\/\/www.coupet-rochepatrimoine.fr\/index.php\/wp-json\/wp\/v2\/pages\/42","targetHints":{"allow":["GET"]}}],"collection":[{"href":"https:\/\/www.coupet-rochepatrimoine.fr\/index.php\/wp-json\/wp\/v2\/pages"}],"about":[{"href":"https:\/\/www.coupet-rochepatrimoine.fr\/index.php\/wp-json\/wp\/v2\/types\/page"}],"author":[{"embeddable":true,"href":"https:\/\/www.coupet-rochepatrimoine.fr\/index.php\/wp-json\/wp\/v2\/users\/1"}],"replies":[{"embeddable":true,"href":"https:\/\/www.coupet-rochepatrimoine.fr\/index.php\/wp-json\/wp\/v2\/comments?post=42"}],"version-history":[{"count":1,"href":"https:\/\/www.coupet-rochepatrimoine.fr\/index.php\/wp-json\/wp\/v2\/pages\/42\/revisions"}],"predecessor-version":[{"id":425,"href":"https:\/\/www.coupet-rochepatrimoine.fr\/index.php\/wp-json\/wp\/v2\/pages\/42\/revisions\/425"}],"wp:attachment":[{"href":"https:\/\/www.coupet-rochepatrimoine.fr\/index.php\/wp-json\/wp\/v2\/media?parent=42"}],"curies":[{"name":"wp","href":"https:\/\/api.w.org\/{rel}","templated":true}]}}